
What is the remainder when 150 is divided by 22?
18
What is the remainder when 874 is divided by 432?
10
Calculate the remainder when 494 is divided by 11.
10
Calculate the remainder when 340 is divided by 65.
15
Calculate the remainder when 417 is divided by 348.
69
Calculate the remainder when 442 is divided by 43.
12
What is the remainder when 133 is divided by 36?
25
What is the remainder when 249 is divided by 25?
24
What is the remainder when 109 is divided by 23?
17
Calculate the remainder when 1359 is divided by 170.
169
What is the remainder when 737 is divided by 78?
35
Calculate the remainder when 894 is divided by 110.
14
What is the remainder when 2002 is divided by 114?
64
What is the remainder when 250 is divided by 34?
12
Calculate the remainder when 81 is divided by 76.
5
Calculate the remainder when 115 is divided by 40.
35
What is the remainder when 44 is divided by 8?
4
What is the remainder when 431 is divided by 27?
26
What is the remainder when 834 is divided by 72?
42
What is the remainder when 52 is divided by 20?
12
What is the remainder when 291 is divided by 37?
32
What is the remainder when 30910 is divided by 138?
136
What is the remainder when 1712 is divided by 262?
140
What is the remainder when 403 is divided by 29?
26
What is the remainder when 64 is divided by 2?
0
What is the remainder when 6765 is divided by 10?
5
Calculate the remainder when 93 is divided by 70.
23
What is the remainder when 5614 is divided by 16?
14
Calculate the remainder when 1636 is divided by 7.
5
Calculate the remainder when 1339 is divided by 246.
109
Calculate the remainder when 27448 is divided by 97.
94
What is the remainder when 1490 is divided by 65?
60
Calculate the remainder when 65 is divided by 10.
5
Calculate the remainder when 345 is divided by 71.
61
What is the remainder when 60 is divided by 60?
0
What is the remainder when 111 is divided by 14?
13
What is the remainder when 58 is divided by 30?
28
Calculate the remainder when 859 is divided by 24.
19
What is the remainder when 256 is divided by 7?
4
What is the remainder when 565 is divided by 81?
79
What is the remainder when 265 is divided by 47?
30
What is the remainder when 780 is divided by 98?
94
What is the remainder when 501 is divided by 122?
13
What is the remainder when 1547 is divided by 308?
7
Calculate the remainder when 274 is divided by 11.
10
What is the remainder when 168 is divided by 3?
0
Calculate the remainder when 297 is divided by 157.
140
Calculate the remainder when 1308 is divided by 19.
16
Calculate the remainder when 48 is divided by 13.
9
What is the remainder when 75 is divided by 19?
18
Calculate the remainder when 264 is divided by 16.
8
Calculate the remainder when 535 is divided by 49.
45
Calculate the remainder when 13 is divided by 12.
1
What is the remainder when 4135 is divided by 18?
13
Calculate the remainder when 1254 is divided by 126.
120
Calculate the remainder when 317 is divided by 121.
75
Calculate the remainder when 561 is divided by 283.
278
What is the remainder when 621 is divided by 89?
87
Calculate the remainder when 614 is divided by 89.
80
What is the remainder when 203 is divided by 64?
11
Calculate the remainder when 268 is divided by 135.
133
What is the remainder when 47 is divided by 25?
22
What is the remainder when 183 is divided by 22?
7
What is the remainder when 268 is divided by 45?
43
What is the remainder when 53 is divided by 28?
25
Calculate the remainder when 1283 is divided by 76.
67
What is the remainder when 1289 is divided by 429?
2
What is the remainder when 531 is divided by 13?
11
What is the remainder when 7272 is divided by 97?
94
What is the remainder when 557 is divided by 35?
32
What is the remainder when 574 is divided by 64?
62
What is the remainder when 352 is divided by 102?
46
What is the remainder when 258 is divided by 22?
16
What is the remainder when 492 is divided by 51?
33
Calculate the remainder when 274 is divided by 25.
24
What is the remainder when 826 is divided by 168?
154
Calculate the remainder when 66 is divided by 15.
6
Calculate the remainder when 948 is divided by 4.
0
Calculate the remainder when 600 is divided by 125.
100
Calculate the remainder when 12241 is divided by 125.
116
What is the remainder when 560 is divided by 11?
10
What is the remainder when 232 is divided by 59?
55
Calculate the remainder when 75 is divided by 7.
5
Calculate the remainder when 179 is divided by 12.
11
What is the remainder when 1218 is divided by 63?
21
What is the remainder when 168 is divided by 45?
33
Calculate the remainder when 119 is divided by 43.
33
Calculate the remainder when 128 is divided by 68.
60
What is the remainder when 3939 is divided by 5?
4
What is the remainder when 300 is divided by 51?
45
Calculate the remainder when 430 is divided by 189.
52
What is the remainder when 32 is divided by 17?
15
What is the remainder when 10 is divided by 10?
0
What is the remainder when 191 is divided by 183?
8
Calculate the remainder when 18 is divided by 3.
0
What is the remainder when 41 is divided by 21?
20
What is the remainder when 546 is divided by 180?
6
Calculate the remainder when 345 is divided by 26.
7
What is the remainder when 238 is divided by 125?
113
Calculate the remainder when 402 is divided by 195.
12
Calculate the remainder when 600 is divided by 284.
32
What is the remainder when 62 is divided by 20?
2
What is the remainder when 69 is divided by 6?
3
Calculate the remainder when 220 is divided by 72.
4
Calculate the remainder when 187 is divided by 68.
51
What is the remainder when 182 is divided by 62?
58
What is the remainder when 72 is divided by 9?
0
What is the remainder when 602 is divided by 245?
112
Calculate the remainder when 37815 is divided by 116.
115
What is the remainder when 392 is divided by 190?
12
Calculate the remainder when 3568 is divided by 445.
8
What is the remainder when 1102 is divided by 273?
10
Calculate the remainder when 2025 is divided by 169.
166
Calculate the remainder when 2529 is divided by 2524.
5
Calculate the remainder when 762 is divided by 150.
12
Calculate the remainder when 351 is divided by 19.
9
Calculate the remainder when 502 is divided by 2.
0
Calculate the remainder when 551 is divided by 109.
6
Calculate the remainder when 47 is divided by 28.
19
Calculate the remainder when 7627 is divided by 449.
443
What is the remainder when 5083 is divided by 68?
51
What is the remainder when 71 is divided by 39?
32
Calculate the remainder when 223 is divided by 18.
7
What is the remainder when 393 is divided by 66?
63
Calculate the remainder when 2555 is divided by 26.
7
Calculate the remainder when 151 is divided by 76.
75
What is the remainder when 320 is divided by 82?
74
What is the remainder when 473 is divided by 24?
17
What is the remainder when 159 is divided by 38?
7
What is the remainder when 83 is divided by 28?
27
Calculate the remainder when 432 is divided by 15.
12
What is the remainder when 986 is divided by 460?
66
Calculate the remainder when 590 is divided by 109.
45
What is the remainder when 84 is divided by 10?
4
Calculate the remainder when 204 is divided by 43.
32
What is the remainder when 2506 is divided by 35?
21
What is the remainder when 4285 is divided by 32?
29
Calculate the remainder when 125 is divided by 100.
25
What is the remainder when 179 is divided by 6?
5
What is the remainder when 2088 is divided by 17?
14
What is the remainder when 158 is divided by 2?
0
What is the remainder when 587 is divided by 220?
147
What is the remainder when 111 is divided by 61?
50
Calculate the remainder when 99 is divided by 58.
41
What is the remainder when 146 is divided by 43?
17
What is the remainder when 604 is divided by 193?
25
Calculate the remainder when 360 is divided by 96.
72
Calculate the remainder when 94 is divided by 22.
6
Calculate the remainder when 1383 is divided by 87.
78
Calculate the remainder when 153 is divided by 45.
18
Calculate the remainder when 1098 is divided by 55.
53
Calculate the remainder when 547 is divided by 189.
169
What is the remainder when 606 is divided by 146?
22
Calculate the remainder when 34 is divided by 28.
6
Calculate the remainder when 327